on divisor of 16 and l?
16
Suppose 156 + 9 = 5*i. Let n = i + -17. Calculate the greatest common factor of 8 and n.
8
Let r be -44*((-36)/8)/9. Calculate the highest common factor of 55 and r.
11
Let m be 62/6 + (-11)/33. Calculate the highest common factor of 2 and m.
2
Let g(n) = -n + 54. Let s be g(18). What is the greatest common divisor of s and 48?
12
Let y(h) = -9*h**3 + 2*h**2 + 2*h + 1. Suppose 0 = -0*a + 3*a. Let w be a - (-2 - -3 - 0). Let t be y(w). Calculate the highest common factor of t and 70.
10
Let q = 34 - 19. What is the highest common factor of 135 and q?
15
Let w = -3 - -6. Suppose -w = -2*d - d. Suppose -2*y - d = -3. What is the highest common divisor of 11 and y?
1
Let a = -15 - -23. Let m be ((-1)/2)/(-1)*74. Let t be m/3 - (-3)/(-9). Calculate the highest common factor of t and a.
4
Suppose -3*p + 88 = -2*l, 3*l + 0*l - 12 = 0. Calculate the highest common factor of 8 and p.
8
Let o = -75 - -86. What is the highest common divisor of 1 and o?
1
Suppose 4*w + 4*o = 40, 5*w + 29 = -4*o + 83. What is the greatest common factor of 182 and w?
14
Suppose 763 = 5*k + 103. Suppose -5*h - 5*n + 105 = 0, 2*n - k = -5*h - 36. Let f = 14 + h. What is the greatest common factor of f and 48?
16
Let f = 70 - 60. Calculate the highest common divisor of 65 and f.
5
Let w(i) = i**3 - i + 4. Let m be w(0). Suppose -2*y + 31 = m*f - 5*f, -3*f - 9 = 0. What is the highest common divisor of 2 and y?
2
Let a(i) = i**3 + 9*i**2 - 10. Let m be a(-9). Let o be (3 + m)/((-1)/17). What is the highest common divisor of 17 and o?
17
Let m be 2*(-1 - 15/6). Let o = 1 - m. Calculate the greatest common divisor of o and 72.
8
Let t(i) = -4*i + 1. Let b(p) = 12*p - 3. Let z(j) = 6*b(j) + 17*t(j). Let m be z(3). Calculate the highest common divisor of m and 66.
11
Suppose -4*g = -3*s + 24, 0*s - 3*s = 4*g. Calculate the highest common factor of 4 and s.
4
Suppose -y + 3*z = -3, -5*z + 20 + 3 = -4*y. Let t(d) = -d**2 - 13*d - 5. Let i be t(y). What is the highest common divisor of i and 77?
7
Let c be 408/40 - 2/10. What is the greatest common divisor of c and 4?
2
Suppose -44 = 4*w - 0*w. Let v be (-373)/(-7) - (-2)/(-7). Let o = v + w. Calculate the greatest common factor of o and 6.
6
Let l(m) = 23*m**3 - 2*m**2 + m. Let d be l(1). Suppose -3*p - 13 = -79. What is the highest common factor of d and p?
22
Let d be ((-8)/(-12))/(2/21). What is the highest common divisor of 35 and d?
7
Let k(y) = 2*y**2 + 8*y - 3. Let z be k(-6). Let f be ((-1)/2)/((-12)/72). What is the highest common divisor of z and f?
3
Suppose -11*b + 176 = -0*b. What is the highest common factor of b and 48?
16
Let d(h) = 4 - 25*h - 4 - 23*h. Let o be d(-1). Suppose 47 = 5*v - o. Calculate the greatest common divisor of 209 and v.
19
Suppose 2*x = 3*x. Suppose x = -2*s + 30 - 8. Let a = -105 + 182. Calculate the greatest common divisor of a and s.
11
Let x(q) = q**2 + 10*q + 14. Let c be x(-6). Let j be 64/c*(-210)/28. Calculate the greatest common factor of 6 and j.
6
Suppose -8 = -5*m + 2. Suppose -3*f = -3*s + 2 + 22, m*s = -f + 31. Calculate the highest common factor of 65 and s.
13
Suppose -2*g + 12 = 4*l, l = 3*g + g - 24. Calculate the highest common divisor of g and 3.
3
Let x(g) = g + 2. Let z be x(0). Suppose -z*q = -0*q - 12. What is the greatest common factor of 42 and q?
6
Suppose c = 5*q - 10, -2 = -2*c + 2*q + 2. Suppose -z + 4*i = -41, -2*z + z + 44 = -i. Calculate the highest common divisor of c and z.
5
Let s = -75 + 130. Calculate the highest common divisor of 5 and s.
5
Suppose -2*l + 90 = 5*d - 40, 5*d = 3*l + 130. What is the greatest common divisor of d and 65?
13
Suppose 2*a - 32 = -3*p - 1, 5*p + 5*a = 55. What is the highest common factor of 144 and p?
9
Let a = 87 - 54. Let h(u) = -90*u - 3. Let r be h(-2). Let y = r - a. What is the highest common factor of y and 16?
16
Let d be 1/(0 - (-4)/48). Let z(s) = 15*s**3 + 2*s - 1. Let u be z(1). Let b = u - 4. What is the highest common factor of b and d?
12
Let s(f) = -3*f - 8. Let b(l) = 6*l**3 - 2*l**2 - 2*l - 1. Let y be b(-1). Let t be s(y). Let k = t + -8. Calculate the greatest common divisor of 40 and k.
5
Let y(s) = -s**2 - s + 7. Let q(n) = n - 6. Let i be q(6). Let d be y(i). What is the greatest common factor of d and 63?
7
Suppose -3*c = -3*z - 9, 0 = 5*c + 5*z + 6 - 21. Suppose -72 = -c*m + m. Let f = 5 - 1. Calculate the greatest common divisor of m and f.
4
Let h(r) = 4*r - 9. Let p(a) = 5*a**2. Let o be p(-1). Let n be h(o). Calculate the greatest common factor of n and 121.
11
Let n = -1 - -2. Let z be 29/n - (-4 - -3). What is the greatest common factor of z and 12?
6
Suppose -14*y - 24 = -15*y. Calculate the greatest common factor of 36 and y.
12
Suppose 6*w - w = -3*y - 12, -4*w - 8 = 2*y. Suppose l - 3*i + 9 = w, 5*i = -l + i + 12. Let j be 25 - (3 - l)/3. What is the highest common factor of j and 16?
8
Let f be 73/4 - (-5)/(-20). Let m = f + -10. Calculate the highest common factor of m and 8.
8
Suppose 0 = -3*c - 5 + 8. Suppose x - 5*z - 4 = 5, -4*z = 4. Calculate the greatest common divisor of c and x.
1
Suppose -6*j = -5*j - 1. What is the highest common factor of j and 7?
1
Let l(h) = 6*h. Let b be l(1). Let s be ((-22)/b + 4)*51. What is the highest common factor of s and 68?
17
Let b(t) = 3*t + 6. Let d(g) = -4*g - 5. Let y(c) = -4*b(c) - 5*d(c). Let h be y(1). What is the greatest common factor of 72 and h?
9
Let m be (-111)/(-15) + (-8)/20. Calculate the greatest common factor of 21 and m.
7
Let u(d) = d**3 - d**2 + 112. Let w be u(0). Let b(k) = k**2 - 12*k + 27. Let o be b(11). What is the highest common factor of w and o?
16
Let q be -3 - (-2 + 0)*4. Let y be 4/2*q/2. What is the greatest common divisor of 25 and y?
5
Let l be (-15)/(-3)*(1 + 0). Suppose l*f + 50 - 140 = 0. What is the greatest common factor of f and 12?
6
Let h(v) = -71*v**3 - v. Let l be h(-1). What is the highest common factor of 8 and l?
8
Suppose -13 = -7*o + 50. Suppose 2526 = -2*z - 3*z - 4*d, 0 = 4*z - 5*d + 1988. Let m be z/(-8) - (-5)/20. Calculate the greatest common factor of m and o.
9
Let m = -154 + 315. Suppose -15 = -7*k + 2*k. Suppose -k*x = -0*y + y - 69, -5*y = -x + 23. Calculate the highest common factor of m and x.
23
Suppose 0 = 3*n + 7 - 1. Let g be -4*(-3)/(3*n). Let v be 7/((-1)/(2/g)). Calculate the greatest common factor of v and 56.
7
Let i be 70/42*(-1 - -4). What is the highest common divisor of 35 and i?
5
Let m be 1 - (-6)/(-4) - 55/(-2). Calculate the highest common factor of m and 18.
9
Suppose 30 = 4*v - 22. Let x be 50 - 4/(1*-2). What is the greatest common divisor of x and v?
13
Let t be (-58)/(-4) + (-1)/(-2). Let k = 24 + 21. Calculate the highest common factor of k and t.
15
Suppose -22 + 82 = 5*d. Let t be (5/(-4))/(8/(-192)). Calculate the highest common divisor of d and t.
6
Let h(v) = 2*v**2 + 2*v - 3. Let r be h(-3). Let k be -1*(-3 - -4) - -46. Calculate the greatest common factor of k and r.
9
Let a(c) = c**2 + c + 3. Let x be a(6). Let k be (-50)/(-13) - (-4)/26. Let v = 9 - k. What is the highest common factor of x and v?
5
Suppose -4*z = -z - 39. Let k be -3*1*364/(-21). Calculate the greatest common divisor of k and z.
13
Suppose t - 4*c - 12 = 0, t + c - 10 = -2*t. Suppose 0 = -10*q + 11*q. Suppose q = -2*f + 45 + 19. Calculate the greatest common factor of t and f.
4
Let o be (18/(-8))/(6/(-80)). Let y = 7 - 4. Suppose 0*h - 12 = -3*h + y*v, 0 = -5*h + 3*v + 24. What is the greatest common factor of o and h?
6
Let y be ((-7)/28)/(2/(-232)). What is the greatest common factor of y and 58?
29
Let j be (-15 + 1)/(2 - 3). Let k = 1 - -13. What is the highest common divisor of k and j?
14
Let a = -13 - -23. Suppose 0 = a*b - 8*b - 6. Let j be 3/(-3)*-2*1. What is the highest common divisor of b and j?
1
Suppose -5*x + 6 = -2*x. Suppose -3*t - 3*k + 166 = 49, -3*t + x*k = -122. What is the highest common factor of t and 10?
10
Suppose -2*y = 6 - 18. Suppose -1 = 5*t - y, -d = -t - 2. Calculate the highest common divisor of 27 and d.
3
Let v be (4/10)/((-1)/(-10)). What is the highest common divisor of 2 and v?
2
Let j be (-3)/(-18) - 2/12. Suppose -b - 196 = -5*b - p, j = -5*b + 4*p + 266. What is the greatest common factor of 20 and b?
10
Suppose 0 = x + 